7 + 28 + -10) - (-4 + 2) - 147?
-143
Evaluate -71 - (10 + (9 - 8 - 13) + 9 + -9).
-69
Evaluate -7 + (-1 - 6 - (-32 - -13)) + -31 + -1.
-27
What is the value of (-7 + 5 + -7 - (-7 + -1) - 3) + -21?
-25
38 + -47 - (2 - (-3 + 13)) - 7
-8
Evaluate 69 + (-61 + 205 - 278).
-65
What is the value of -4 - ((-122 - -109) + -117)?
126
Evaluate 19 - 24 - (-13 + (-8 - (-8 + -1))).
7
What is 0 + 6 - (-42 - (48 - 113 - -60))?
43
Evaluate -14 - (-9 - (90 + (-14 - -2) + 1)).
74
-3 + (5 + -69 - -31)
-36
Calculate 2 - (-4 - 4) - ((29 - 80) + 147).
-86
Evaluate (5 - (11 - 13 - 1)) + 2 + 4 + 39.
53
Evaluate 24 + -3 + -105 + 0 + 20.
-64
Calculate -48 + 22 + -13 + 35.
-4
(358 - -94) + -353 + -3 + 0
96
What is -2 + (-3 - -19) - (40 - -20 - 40)?
-6
Calculate -5 - (35 - 40) - (2 - (61 + (-4 - -4))).
59
Calculate 2 + 14 - ((7 - 11) + 10 - -22).
-12
Evaluate 35 - ((-4 - -10) + 2 + -40 + 34).
33
Calculate 0 + 0 - ((102 - 7) + -113).
18
What is 3 + -7 + -8 + 10 + (-1 - -1) - 16?
-18
Evaluate (46 - 48) + 14 + -64.
-52
-2 - -31 - (-6 + -48 + 37)
46
Evaluate 19 + 27 + -12 + -11 + -52.
-29
What is (34 - 34 - (8 + 0)) + 58 + (0 - 6)?
44
What is 33 - 80 - 142 - -101?
-88
-30 + 404 - 314 - (0 - -2)
58
What is the value of -21 - (65 + -25) - -111?
50
What is -40 + 0 + 4 + (-11 - (7 + (7 - 24)))?
-37
What is 1 + 0 + 41 - (-8992 + 8989)?
45
Calculate 63 - (-12 + (-31 - (-84 - -11))).
33
Evaluate -41 - (47 + -22 + -48) - -36.
18
51 - (127 - -8 - 22)
-62
What is -63 - -36 - (14 + -73)?
32
What is -32 - (-34 - 8) - 16?
-6
What is -4 + (11 - -48) + -19 + -19 + 29?
46
What is -1 - 8 - (20 - (-4 + -21 + 161))?
107
Calculate -94 - (29 - (-17 + 58) - -1).
-83
What is the value of -26 + (-34 - (-12 + 28 + -60))?
-16
What is the value of (2 + 74 - -3) + 23 + -70 + 48?
80
Evaluate 6 + 1 + (-58 + 6 - 1) + (-29 - -33).
-42
Calculate 1 - 1 - (-17 - (14 + -13 + -11)) - 5.
2
Calculate -1740 + 1749 - (-3 + 2 - -1 - (-4 + 62)).
67
What is the value of 63 + (-21 - (10 + -17 + 4 + -16))?
61
What is the value of 0 + -7 + -3 - (-4 + 51 - (56 - 79))?
-80
What is -64 + (-13 - (-27 + -35))?
-15
Evaluate -6 + 1 + -38 + 42 + -4 + 40.
35
What is 6 - (19 - 7) - (-15 - (-7 + (14 - -66)))?
82
What is 1 + 0 + 2 + (97 - (180 - 93))?
13
What is the value of (15 - (7 + 1 + -1 + 25)) + 6?
-11
67 + 2 + 815 + -880
4
Evaluate -6 + 9 + -1 - (-15 + -5 - -10).
12
37 - (-12 + 10 + (1 - 11) + 8)
41
What is 6 + -95 + -101 + 217?
27
What is the value of -23 - (-5 + 2 - -8 - (484 - 500))?
-44
7 - (8 - (9 + (5 - 5) + (28 - 78)))
-42
Evaluate (17 - 34) + 58 - ((11 - (6 - 1)) + -14).
49
-70 + -34 + 34 + 4 + 18
-48
Evaluate 0 + -15 + 20 + (-56 + 19 - -28).
-4
38 + -274 + 78 - -100
-58
25 + -43 - ((-1 - 0) + (1 - 4 - -3))
-17
Evaluate -50 + -22 + -7 + 53.
-26
Evaluate 44 + (22 + -7 + -1 - 12) + -10.
36
What is -13 - 52 - (-536 - -417)?
54
Calculate (-28 - (-91 + 50)) + -121.
-108
What is the value of 79 + (-17 - 13) + 5?
54
What is (-92 - -96 - (1 - 1)) + 82 + 11 + 9?
106
Evaluate -36 - (-44 + -46 + 37).
17
-30 + 28 - ((-17 - 6) + -15)
36
(-16 - (-7 - (1 + -4))) + -10 + 0 + 4
-18
What is the value of -71 + 0 + -20 + (53 - 15)?
-53
What is (-156 - -142) + (88 - -12)?
86
Calculate -527 + 555 - (-28 + 140).
-84
What is the value of -12 + (-5 + 33 - -6 - 22)?
0
Evaluate (104 + -98 - (0 - (6 - 1))) + 62.
73
Calculate 50 - 13 - (16 - (2 - 7)).
16
What is the value of 43 + 2 + -111 + 56?
-10
Calculate (70 + -23 + 6 - -20) + 1 + 4.
78
What is the value of 66 + (-30 - -2 - (485 - 511)) + (1 - 7)?
58
(-1 - (4 - (14 - -2) - -4 - 4)) + 30
41
What is -10 - ((34 - 10) + 10)?
-44
What is the value of 49 - (-19 - -14 - (-7 + -5 + 2))?
44
What is -43 + 4 + -4 - (-15 + -3 + 8)?
-33
What is the value of (-114 - -123 - (35 + 2)) + -17?
-45
Evaluate -97 + -86 + (219 - 94).
-58
Calculate 85 + (6 - (32 + -38 + 32)).
65
(0 - 16) + (-226 - -279) - (1 - 6)
42
What is the value of (0 + -44 - (-7 - -7 - 0)) + (-4445 - -4444)?
-45
What is the value of 7 - (-237 + (188 - 34))?
90
Calculate -1 - -35 - (-70 - (106 + -168)).
42
What is 30 + 26 + -24 + 24 - 7?
49
Calculate 0 - (-6 - (-6 + 7 - 16)) - (-125 - 1).
117
Calculate -996 - -973 - (0 - (-25 + -1)).
-49
Calculate 74 - (-118 + 59 + 101).
32
What is -8 - (19 - (-5 + 0 + -13))?
-45
Calculate 3 - -2 - (-41 - 0 - 2) - (368 + -380).
60
-8 + 1 + -30 + (44 - 11) - -25
21
Calculate (-80 - -63) + 2 + -5.
-20
Evaluate 31 + (16 - -4) + -4 + 9.
56
What is the value of (-550 - -610) + (-81 - 3)?
-24
(15 - -39) + (1 + -37 - -10 - -15)
43
What is 390 - 399 - (-13 - -2)?
2
Calculate (-4 - 25 - -7) + (30 - -24).
32
What is (32 + -2 - 98) + 48?
-20
-14 + 0 + 4 + -5 + 1 - 14
-28
Calculate -33 + 41 + -26 - 3.
-21
What is the value of -20 - (-18 + (11 - 29)) - -20?
36
What is 58 + (-50 - (-33 - -62))?
-21
What is 15 - ((-44 + 17 - (5 + 8)) + -4)?
59
Calculate 94 - (-10 + 44 + 38).
22
Calculate (-1354 - -1346) + 1 + (-2 - -9) - -2.
2
Calculate (1 - ((-14 - -9) + 8)) + (-44 - 9) - 11.
-66
Evaluate 107 + -95 + 41 - 68.
-15
What is the value of -2 - (0 + (61 - -4)) - (-32 + -36 + 56)?
-55
Calculate -41 - (-42 + (-25 - -23)).
3
Evaluate -59 + -1 + 17 - (-1 + -1 + 8).
-49
(6 - 12) + -1 + (-1 - -5) + (50 - 27)
20
What is the value of (3 - (-3 + 17) - 0 - -2) + 343 + -301?
33
What is (2634 - 2676) + 7 + 2?
-33
Evaluate (-17 - -87) + 3 + 13 + 2 + -7 + -1.
80
Calculate 29 + 1 - (-2 + (16 - (4 - -19))).
39
Evaluate 19 + -19 + -20 - -24 - -87 - -19.
110
-8 + (3 - -8) + (-5 - (-10 + 4)) + 44
48
What is the value of (-5 - -1) + 58 + -56 + 62?
60
What is the value of -6 - ((7 - (32 + -22)) + 24 - -122)?
-149
What is -17 + 30 + -48 + 31 - (23 + 4 + -4)?
-27
What is the value of (60 - (5 - 2)) + 0 + 0 - (317 - 308)?
48
(43 - 19) + -4 + -54 + -5
-39
What is the value of (127 - 57) + -91 + (0 - -122)?
101
28 + (17 - (72 - 31)) + 2 + -93
-87
What is the value of -101 + (-10 - -125) - (0 + 33)?
-19
Evaluate -2 - 3 - -3 - (-727 - -787).
-62
What is (-22 - -3) + (22 - (-33 + (-20 - -46)))?
10
-43 + 23 + -43 + 55
-8
Evaluate -2 + -4 - (17 + -25) - (35 + 1).
-34
What is the value of (-150 - -129) + -6 + -2 + (-3 - 0)?
-32
Evaluate (1 - 81 - 1) + -13 + (32 - 31 - -23).
-70
What is -953 + 985 + (2 - 26) + 2?
10
Calculate 50 + (-24 + -64 - -48).
10
What is (-4 - -1) + (7 - -1) + -17 - (299 - 306)?
-5
What is 89 + 14 + -33 + 36 + 17?
123
Evaluate 18 - 27 - (-37 - -59).
-31
What is the value of 34 + (-13 - -32) - 69?
-16
Calculate -31 - (0 + -43 - 16).
28
What is -2 - -18 - (27 + (2 - 14))?
1
What is the value of -41 - (6 + 1 + -5 - -27)?
-70
Calculate -15 + (30 + -9 + -1 - -34).
39
-37 + -16 + (-21 - -26)
-48
What is the value of 12 - (30 + (-10 - -10) + -7) - -71?
60
What is 3669 + -3791 - (-11 + 2)?
-113
Evaluate (54 - (10 + 18)) + -13 - -36.
49
What is the value of (11 - (-31 - -4)) + 105 + -128 - (-1 + 41)?
-25
Evaluate 52107 - 52144 - (-1 + -1 - -89).
-124
What is the value of (8 + 45 + -49 - (-23 - 0)) + 15?
42
What is the value of 1 + 36 - (1 + -18 + (388 - 361))?
27
What is -11 + 52 + -29 - (3 - 4) - (11 + -94)?
96
Calculate 51 - (-15 + -6 + 24) - (3 - -2).
43
What is -3 - ((10 - 40) + 32)?
-5
What is the value of -10 + 4 + 21 + -59 + -5?
-49
-738 + 771 + (-36 - 2)
-5
Evaluate (-38 - (-3 - -2)) + (32 - (-7 - 37 - -67)).
-28
Calculate -39 + (-194 - -204 - (4 - (-4 + 2))).
-35
Evaluate -65 - (19 + -46 + 1 + 4).
-43
Calculate 37 + 31 + -67 - (-4 + (17 - -4)).
-16
What is the value of -29 + (-78 + 110 - -109)?
112
What is 2 - -7 - (1481 - 1524)?
52
Calculate 70 + -86 + (31 - -79).
94
-14 - (-12 - (-5 - -9)) - -29
31
Evaluate -6 - (-20 - (-6 + -18)) - (-3 - -57).
-64
21 + -1 - ((-78 - -39) + 8)
51
Evaluate (41 + -5 - 0) + 4 + (-56 - -36) + 18.
38
Calculate (1283 - 1215) + -1 + -31.
36
What is the value of 27 - -2 - (-613 + 619) - -15?
38
-3 + 3 + 2 + (43 - 23)
22
Evaluate (71 - 122) + 21 + 41.
11
What is -2 - (2 - -25) - (5 + 75)?
-109
9 - (-11 + (19 - 6) + 20) - 16
-29
What is the value of (0 - -75) + (63 - (-6 + 47) - (18 + -2))?
81
What is 95 + -83 - 84 - -32?
-40
Evaluate -52 - (75 - (123 + 52)).
48
What is the value of 324 - 419 - (7 + -5 - 12 - -3)?
-88
What is (120 - 12 - (2 + 2)) + (34 - (33 + -9))?
114
Evaluate 66 + -15 + 3 + 7 + 0 + -5.
56
Calculate -102 + (25 - -43) + -25.
-59
31 - 7 - (40 - (-72 - 9))
-97
-139 - -177 - (47 - -3) - (-1 - 54)